base 4
133033
Convert -833 (base 13) to base 6.
-10242
11034 (base 7) to base 13
1350
-e8d (base 15) to base 5
-101113
d3c (base 16) to base 5
102023
7e (base 16) to base 4
1332
What is b206 (base 14) in base 11?
20a82
-4728 (base 12) to base 6
-100452
Convert 14521 (base 10) to base 5.
431041
What is 1bb7 (base 13) in base 6?
31250
Convert 133113 (base 4) to base 12.
11b3
-4567 (base 14) to base 8
-27417
What is -46 (base 7) in base 12?
-2a
-73 (base 8) to base 11
-54
Convert 1dee (base 15) to base 2.
1100101111100
What is b23 (base 15) in base 14?
cb2
Convert -475 (base 8) to base 11.
-269
Convert 1300213 (base 6) to base 13.
25b78
64 (base 12) to base 9
84
Convert -5102 (base 12) to base 11.
-6668
-363b (base 13) to base 2
-1110111100111
Convert -32123 (base 4) to base 15.
-418
What is -245 (base 11) in base 14?
-16b
3121 (base 6) to base 7
2014
Convert 3233122 (base 4) to base 8.
35732
What is -405 (base 14) in base 11?
-658
-2170 (base 11) to base 2
-101100101100
What is 2660 (base 12) in base 10?
4392
What is -228 (base 14) in base 12?
-2b8
What is -22222 (base 4) in base 5?
-10212
Convert 80d3 (base 14) to base 5.
1202022
Convert 81 (base 13) to base 8.
151
1222120 (base 3) to base 13
873
What is 548a (base 12) in base 5?
244242
Convert -121010 (base 5) to base 10.
-4505
-2e7 (base 16) to base 3
-1000112
-21b (base 14) to base 15
-1cc
What is -20323 (base 5) in base 16?
-53a
Convert -3660 (base 7) to base 8.
-2525
998 (base 14) to base 11
1476
Convert 452d (base 15) to base 5.
432133
What is 1637 (base 8) in base 3?
1021100
Convert 2a4 (base 13) to base 2.
111011000
120532 (base 7) to base 4
11111311
-1002112 (base 4) to base 15
-13d1
-1311012 (base 4) to base 3
-101021120
What is 6d4 (base 16) in base 14?
8cc
Convert -220024 (base 5) to base 7.
-30623
What is -10010000000 (base 2) in base 12?
-800
-213253 (base 6) to base 13
-801c
What is -551 (base 15) in base 5?
-14301
What is -8ff2 (base 16) in base 11?
-25760
-174 (base 9) to base 6
-404
What is 23932 (base 10) in base 6?
302444
What is 4d (base 16) in base 3?
2212
Convert 1000101011 (base 2) to base 11.
465
-44 (base 9) to base 11
-37
-314533 (base 6) to base 7
-134616
Convert -1288 (base 11) to base 15.
-764
Convert -390 (base 12) to base 13.
-327
-2222 (base 4) to base 12
-122
What is 314611 (base 7) in base 4?
31103200
Convert -40455 (base 10) to base 8.
-117007
-10871 (base 10) to base 15
-334b
What is c8 (base 15) in base 6?
512
-baa (base 15) to base 13
-1279
What is 16513 (base 7) in base 6?
33454
15c2 (base 13) to base 14
1248
What is 131231 (base 5) in base 8?
12107
What is -5c (base 13) in base 14?
-57
What is -6186 (base 11) in base 16?
-2009
What is 850 (base 10) in base 5?
11400
What is -10120 (base 3) in base 10?
-96
What is -2211 (base 5) in base 4?
-10302
Convert 137 (base 11) to base 12.
115
88c (base 16) to base 7
6244
What is 10001010001110010 (base 2) in base 3?
10121002010
Convert 9217 (base 12) to base 4.
3313303
-294 (base 13) to base 9
-560
What is -36d (base 16) in base 9?
-1174
-371 (base 9) to base 11
-25a
-424a (base 12) to base 6
-53334
3426 (base 8) to base 15
80e
Convert 28406 (base 12) to base 11.
38a89
Convert -9601 (base 10) to base 8.
-22601
Convert -1ee (base 15) to base 9.
-548
-410 (base 13) to base 9
-845
8770 (base 10) to base 16
2242
-114230 (base 5) to base 13
-1c6c
-164074 (base 8) to base 15
-12937
175a8 (base 13) to base 2
1010111101111011
What is -255 (base 6) in base 5?
-412
Convert -f9d (base 16) to base 6.
-30301
Convert -22164 (base 7) to base 8.
-12717
Convert -1130 (base 7) to base 11.
-346
What is -35604 (base 10) in base 7?
-205542
What is 2334 (base 11) in base 10?
3062
2351 (base 15) to base 2
1110101001101
What is -10aa (base 14) in base 2?
-101101001110
-256 (base 13) to base 7
-1123
Convert -11340 (base 6) to base 13.
-996
Convert 11636 (base 8) to base 2.
1001110011110
What is -89ba (base 15) in base 4?
-13020100
74b (base 15) to base 2
11001101110
Convert 9558 (base 14) to base 10.
25754
What is -100 (base 8) in base 5?
-224
1756 (base 9) to base 2
10101000011
What is -818 (base 10) in base 8?
-1462
Convert -12101 (base 4) to base 2.
-110010001
What is 2664 (base 8) in base 13?
884
What is 8331 (base 10) in base 8?
20213
What is -48174 (base 10) in base 12?
-23a66
What is -a97 (base 11) in base 15?
-5cb
Convert -27712 (base 10) to base 13.
-c7c9
-1302 (base 12) to base 13
-ca4
What is 2303 (base 6) in base 11?
454
21b9 (base 15) to base 12
4179
What is 4a3 (base 11) in base 12?
419
Convert 1775 (base 16) to base 14.
228d
What is 7350 (base 8) in base 3?
12020100
-554 (base 14) to base 8
-2036
What is -190a (base 15) in base 13?
-2602
14100 (base 10) to base 7
56052
What is 2b30 (base 15) in base 6?
110530
Convert 101001101 (base 2) to base 12.
239
Convert 41402 (base 6) to base 15.
199b
What is 2781 (base 9) in base 10?
2098
-1022122 (base 3) to base 9
-1278
Convert -4726 (base 10) to base 6.
-33514
What is 15a2 (base 14) in base 5?
110431
What is e1d2 (base 16) in base 15?
121e0
Convert -4316 (base 11) to base 15.
-1a54
-221010 (base 4) to base 10
-2628
23018 (base 10) to base 11
16326
-2100002222 (base 3) to base 2
-1011001110110111
What is -1001110011101110 (base 2) in base 6?
-505554
What is -293 (base 11) in base 8?
-530
What is -122220 (base 4) in base 16?
-6a8
What is 5134 (base 14) in base 9?
21133
Convert 12101 (base 4) to base 16.
191
Convert -111010010 (base 2) to base 15.
-211
350 (base 12) to base 3
200020
166a (base 11) to base 5
32013
ca47 (base 15) to base 14
11865
Convert 101101000010110 (base 2) to base 14.
8594
7161 (base 8) to base 7
13531
What is -2410 (base 5) in base 8?
-543
What is 121210 (base 3) in base 16?
1c5
Convert -3375 (base 8) to base 7.
-5134
What is 1001100010111 (base 2) in base 5?
124022
28989 (base 10) to base 4
13010331
-2163 (base 8) to base 12
-7ab
Convert -3030 (base 10) to base 16.
-bd6
2300103 (base 4) to base 2
10110000010011
What is -22101212 (base 3) in base 4?
-1133231
-202 (base 8) to base 5
-1010
111010100010111 (base 2) to base 14
acd1
Convert 13265 (base 7) to base 12.
209b
What is -69114 (base 10) in base 15?
-15729
3232333 (base 4) to base 15
47ea
-2201 (base 5) to base 4
-10231
What is 2143 (base 9) in base 2?
11000101010
-1406 (base 10) to base 16
-57e
-214353 (base 6) to base 2
-100010110111101
What is 26 (base 9) in base 6?
40
11122122 (base 3) to base 8
6500
What is -1011 (base 4) in base 2?
-1000101
Convert 1414 (base 7) to base 11.
460
Convert -24 (base 15) to base 8.
-42
What is -674 (base 10) in base 14?
-362
What is 443341 (base 5) in base 3?
210020000
What is -35326 (base 8) in base 13?
-6b18
-11210 (base 9) to base 8
-16445
-157 (base 8) to base 16
-6f
-172635 (base 8) to base 12
-30479
Convert 2200133 (base 4) to base 9.
15072
-212114 (base 5) to base 16
-1bf7
-111001100011 (base 2) to base 4
-321203
Convert 191a2 (base 11) to base 6.
324153
Convert -12640 (base 8) to base 5.
-134121
442 (base 8) to base 3
101202
Convert 3974 (base 13) to base 11.
6191
-2cd9 (base 15) to base 3
-111020120
What is 22305 (base 7) in base 9?
7656
Convert -10110110010100 (base 2) to base 15.
-36cd
6004 (base 8) to base 11
2347
-849d (base 14) to base 15
-6ba0
12021011 (base 3) to base 7
14122
Convert 32012 (base 4) to base 7.
2426
-1142 (base 9) to base 8
-1520
Convert 37513 (base 11) to base 10.
53859
122 (base 11) to base 2
10010001
Convert -478 (base 15) to base 10.
-1013
What is 1300333 (base 4) in base 7?
30040
11b (base 14) to base 12
165
Convert -a871 (base 15) to base 4.
-20231020
Convert -1011010001111 (base 2) to base 9.
-7826
What is -5701 (base 8) in base 15?
-d59
-664 (base 7) to base 2
-101010100
What is 21022000 (base 3) in base 12?
30b3
What is -369 (base 12) in base 13?
-306
Convert -200211 (base 5) to base 4.
-1202202
2562 (base 8) to base 14
718
What is -2310 (base 8) in base 4?
-103020
What is -3b64 (base 12) in base 10?
-6844
-7a6b (base 13) to base 3
-212112111
Convert 12122 (base 3) to base 14.
ac
-3100131 (base 4) to base 15
-3e46
-1211 (base 8) to base 5
-10044
Convert 13240 (base 5) to base 12.
752
What is 5044 (base 7) in base 3?
2101201
Convert -101011110001 (base 2) to base 10.
-2801
400c (base 16) to base 2
100000000001100
Convert -36012 (ba